{"id":1773,"date":"2021-09-27T16:50:56","date_gmt":"2021-09-27T14:50:56","guid":{"rendered":"http:\/\/mavis.fr\/?page_id=1773"},"modified":"2021-10-15T23:44:26","modified_gmt":"2021-10-15T21:44:26","slug":"mention-legales","status":"publish","type":"page","link":"https:\/\/mavis.fr\/index.php\/mention-legales\/","title":{"rendered":"Mentions l\u00e9gales"},"content":{"rendered":"<div class=\"fusion-fullwidth fullwidth-box fusion-builder-row-1 fusion-flex-container nonhundred-percent-fullwidth non-hundred-percent-height-scrolling\" style=\"background-color: rgba(255,255,255,0);background-position: center center;background-repeat: no-repeat;border-width: 0px 0px 0px 0px;border-color:#eae9e9;border-style:solid;\" ><div class=\"fusion-builder-row fusion-row fusion-flex-align-items-flex-start\" style=\"max-width:1216.8px;margin-left: calc(-4% \/ 2 );margin-right: calc(-4% \/ 2 );\"><div class=\"fusion-layout-column fusion_builder_column fusion-builder-column-0 fusion_builder_column_1_1 1_1 fusion-flex-column\"><div class=\"fusion-column-wrapper fusion-flex-justify-content-flex-start fusion-content-layout-column\" style=\"background-position:left top;background-repeat:no-repeat;-webkit-background-size:cover;-moz-background-size:cover;-o-background-size:cover;background-size:cover;padding: 0px 0px 0px 0px;\"><div class=\"fusion-text fusion-text-1\"><p>Mentions l\u00e9gales<\/p>\n<p>Le pr\u00e9sent site est la propri\u00e9t\u00e9 de Mavis, au capital de 50 000 euros, inscrite au registre du commerce et des soci\u00e9t\u00e9s de Creteil sous le num\u00e9ro 893 227 488 dont le si\u00e8ge social est situ\u00e9 2 Vla Montgolfier 94410 Saint-Maurice, France.<\/p>\n<p>La publication du site web de Mavis est sous trait\u00e9e \u00e0 la soci\u00e9t\u00e9 GLABEN.<\/p>\n<p>Merci de lire attentivement cette notice l\u00e9gale avant de consulter le site www.mavis.fr<\/p>\n<p>L&rsquo;utilisateur reconna\u00eet avoir \u00e9t\u00e9 inform\u00e9 que le pr\u00e9sent site est accessible 24 heures sur 24 et 7 jours sur 7, \u00e0 l&rsquo;exception des cas de force majeure, difficult\u00e9s informatiques, difficult\u00e9s li\u00e9es \u00e0 la structure des r\u00e9seaux de communications ou difficult\u00e9s techniques.<\/p>\n<p>L&rsquo;utilisateur de ce site reconna\u00eet disposer de la comp\u00e9tence des moyens n\u00e9cessaires pour utiliser et acc\u00e9der \u00e0 ce site et avoir v\u00e9rifi\u00e9 que la configuration informatique utilis\u00e9e ne contient aucun virus et qu&rsquo;elle est en parfait \u00e9tat de fonctionnement.<\/p>\n<p>Pour des raisons de maintenance, Mavis pourra interrompre le site et s&rsquo;efforcera d&rsquo;en avertir pr\u00e9alablement les utilisateurs.<\/p>\n<p>En conformit\u00e9 avec les dispositions de la loi du 6 janvier 1978 relative \u00e0 l&rsquo;Informatique, aux fichiers et aux libert\u00e9s, le traitement automatis\u00e9 de donn\u00e9es nominatives r\u00e9alis\u00e9 et \u00e0 partir de ce site web a fait l&rsquo;objet d&rsquo;une d\u00e9claration aupr\u00e8s de la Commission Nationale de l&rsquo;Informatique et des Libert\u00e9s (CNIL).<\/p>\n<p>L&rsquo;utilisateur a la facult\u00e9 d&rsquo;accepter que les informations li\u00e9es \u00e0 son inscription au site soient utilis\u00e9es par Mavis qui pourra le contacter et lui adresser des offres et des promotions par e-mail.<\/p>\n<p>L&rsquo;utilisateur qui ne souhaite plus recevoir les offres et promotions de Mavis peut s&rsquo;y opposer en \u00e9crivant \u00e0 Mavis, 2 Vla Montgolfier 94410 Saint-Maurice. Conform\u00e9ment \u00e0 la loi informatique et des libert\u00e9s, chaque utilisateur dispose d&rsquo;un droit d&rsquo;acc\u00e8s, de radiation et de rectification sur les donn\u00e9es personnelles le concernant, en \u00e9crivant \u00e0 l&rsquo;adresse ci-dessus.<\/p>\n<p>L&rsquo;utilisateur est inform\u00e9 que lors de ses visites sur le site un cookie peut s&rsquo;installer automatiquement sur son logiciel de navigation.<\/p>\n<p>L&rsquo;utilisateur qui veut faire conna\u00eetre le site \u00e0 un de ses amis est inform\u00e9 que les coordonn\u00e9es de son ami ne seront pas conserv\u00e9es.<\/p>\n<p>L&rsquo;utilisateur dispose d&rsquo;un droit d&rsquo;acc\u00e8s, de retrait et de modification des donn\u00e9es personnelles communiqu\u00e9es par le biais du cookie dans les conditions indiqu\u00e9es ci-dessus.<\/p>\n<p>Les informations nominatives concernant l&rsquo;utilisateur sont destin\u00e9es \u00e0 Mavis.<\/p>\n<p>Par ailleurs, les donn\u00e9es concernant les utilisateurs sont stock\u00e9es sur les serveurs de OVH.net. Le prestataire h\u00e9bergeur s&rsquo;est engag\u00e9 \u00e0 respecter les principes europ\u00e9ens sur la protection des donn\u00e9es personnelles.<\/p>\n<p>L&rsquo;utilisateur du site doit respecter les dispositions de la loi relative \u00e0 l&rsquo;Informatique, aux fichiers et aux libert\u00e9s, dont la violation est passible de sanctions p\u00e9nales.<\/p>\n<p>Il doit notamment s&rsquo;abstenir, s&rsquo;agissant des informations nominatives auxquelles il acc\u00e8de, de toute collecte, de toute utilisation d\u00e9tourn\u00e9e, et d&rsquo;une mani\u00e8re g\u00e9n\u00e9rale, de tout acte susceptible de porter atteinte \u00e0 la vie priv\u00e9e ou \u00e0 la r\u00e9putation des personnes.<\/p>\n<p>La structure g\u00e9n\u00e9rale, les logiciels, textes, images anim\u00e9es ou non, son savoir faire, ainsi que les autres \u00e9l\u00e9ments composants le site sont la propri\u00e9t\u00e9 exclusive de Mavis.<\/p>\n<p>Toute repr\u00e9sentation totale ou partielle de ce site par quelque proc\u00e9d\u00e9 que se soit, sans l&rsquo;autorisation expresse de Mavis est interdite et constituerait une contrefa\u00e7on sanctionn\u00e9e par les articles L.335-2 et suivants du Code de la propri\u00e9t\u00e9 intellectuelle.<\/p>\n<p>Il en est de m\u00eame des bases de donn\u00e9es figurant sur le site web, qui sont prot\u00e9g\u00e9es par les dispositions de la loi du 1er juillet 1998 portant transposition dans le Code de la propri\u00e9t\u00e9 intellectuelle de la directive europ\u00e9enne du 11 mars 1996 relative \u00e0 la protection juridique des bases de donn\u00e9es, et dont Mavis est producteur.<\/p>\n<p>Les marques des produits disponibles sur le site, ainsi que les logos figurant sur le site sont des marques d\u00e9pos\u00e9es.<\/p>\n<p>Toute reproduction totale ou partielle de ces marques ou de ces logos, effectu\u00e9e \u00e0 partir des \u00e9l\u00e9ments du site sans l&rsquo;autorisation expresse de Mavis est donc prohib\u00e9e, au sens de l&rsquo;article L.713-2 du Code de la propri\u00e9t\u00e9 intellectuelle.<\/p>\n<p>Les liens hypertextes mis en place dans le cadre du pr\u00e9sent site web en direction d&rsquo;autres ressources pr\u00e9sentes sur le r\u00e9seau Internet, et notamment vers ses partenaires ont fait l&rsquo;objet d&rsquo;une autorisation pr\u00e9alable, expresse et \u00e9crite.<\/p>\n<p>Tout utilisateur ou visiteur du site web ne peut mettre en place un hyperlien en direction de ce site sans l&rsquo;autorisation expresse et pr\u00e9alable de Mavis.<\/p>\n<p>Mavis met tout en \u0153uvre pour offrir aux utilisateurs des informations et\/ou outils disponibles et v\u00e9rifi\u00e9s, mais ne saurait \u00eatre tenue pour responsable des erreurs, d&rsquo;une absence de disponibilit\u00e9 des informations et\/ou de la pr\u00e9sence de virus sur son site.<\/p>\n<p>La note concernant l&rsquo;index sur l&rsquo;\u00e9galit\u00e9 professionnelle Hommes-Femmes de la soci\u00e9t\u00e9 sur l&rsquo;ann\u00e9e 2020 est de 88\/100<\/p>\n<p>&nbsp;<\/p>\n<\/div><\/div><style type=\"text\/css\">.fusion-body .fusion-builder-column-0{width:100% !important;margin-top : 0px;margin-bottom : 0px;}.fusion-builder-column-0 > .fusion-column-wrapper {padding-top : 0px !important;padding-right : 0px !important;margin-right : 1.92%;padding-bottom : 0px !important;padding-left : 0px !important;margin-left : 1.92%;}@media only screen and (max-width:1024px) {.fusion-body .fusion-builder-column-0{width:100% !important;}.fusion-builder-column-0 > .fusion-column-wrapper {margin-right : 1.92%;margin-left : 1.92%;}}@media only screen and (max-width:640px) {.fusion-body .fusion-builder-column-0{width:100% !important;}.fusion-builder-column-0 > .fusion-column-wrapper {margin-right : 1.92%;margin-left : 1.92%;}}<\/style><\/div><\/div><style type=\"text\/css\">.fusion-body .fusion-flex-container.fusion-builder-row-1{ padding-top : 0px;margin-top : 0px;padding-right : 0px;padding-bottom : 0px;margin-bottom : 0px;padding-left : 0px;}<\/style><\/div>\n","protected":false},"excerpt":{"rendered":"","protected":false},"author":1,"featured_media":0,"parent":0,"menu_order":0,"comment_status":"closed","ping_status":"open","template":"","meta":{"footnotes":""},"class_list":["post-1773","page","type-page","status-publish","hentry"],"aioseo_notices":[],"_links":{"self":[{"href":"https:\/\/mavis.fr\/index.php\/wp-json\/wp\/v2\/pages\/1773","targetHints":{"allow":["GET"]}}],"collection":[{"href":"https:\/\/mavis.fr\/index.php\/wp-json\/wp\/v2\/pages"}],"about":[{"href":"https:\/\/mavis.fr\/index.php\/wp-json\/wp\/v2\/types\/page"}],"author":[{"embeddable":true,"href":"https:\/\/mavis.fr\/index.php\/wp-json\/wp\/v2\/users\/1"}],"replies":[{"embeddable":true,"href":"https:\/\/mavis.fr\/index.php\/wp-json\/wp\/v2\/comments?post=1773"}],"version-history":[{"count":10,"href":"https:\/\/mavis.fr\/index.php\/wp-json\/wp\/v2\/pages\/1773\/revisions"}],"predecessor-version":[{"id":1791,"href":"https:\/\/mavis.fr\/index.php\/wp-json\/wp\/v2\/pages\/1773\/revisions\/1791"}],"wp:attachment":[{"href":"https:\/\/mavis.fr\/index.php\/wp-json\/wp\/v2\/media?parent=1773"}],"curies":[{"name":"wp","href":"https:\/\/api.w.org\/{rel}","templated":true}]}}